96411 and 21.
21
What is the highest common divisor of 2570 and 80?
10
What is the highest common factor of 820603 and 441?
49
What is the greatest common divisor of 1530 and 66870?
90
What is the greatest common divisor of 7100 and 60?
20
Calculate the greatest common factor of 68086 and 40967.
577
What is the highest common factor of 24528 and 22192?
1168
What is the greatest common factor of 61264 and 4144?
112
Calculate the greatest common divisor of 973 and 646211.
139
Calculate the greatest common factor of 879212 and 146.
146
Calculate the greatest common divisor of 3178 and 11326.
14
Calculate the greatest common divisor of 7 and 749497.
7
Calculate the highest common divisor of 1469 and 27599.
13
What is the highest common factor of 80 and 47240?
40
Calculate the highest common divisor of 399 and 39235.
133
What is the greatest common factor of 28 and 77252?
28
What is the greatest common factor of 380 and 449236?
76
What is the greatest common divisor of 1000 and 760?
40
What is the highest common factor of 40442 and 73?
73
What is the greatest common divisor of 230637 and 1617?
33
What is the greatest common divisor of 77 and 15917?
11
Calculate the highest common factor of 50407 and 3059.
133
What is the highest common factor of 380 and 1850980?
380
What is the highest common factor of 3392 and 2816?
64
What is the highest common factor of 1053 and 11988?
81
Calculate the greatest common factor of 9972 and 5193.
9
Calculate the highest common factor of 1035 and 20585.
115
Calculate the greatest common factor of 100079 and 1071.
119
Calculate the greatest common factor of 3 and 2217.
3
Calculate the highest common factor of 6 and 27138.
6
Calculate the highest common divisor of 71040 and 120.
120
Calculate the highest common factor of 401038 and 11.
11
Calculate the greatest common factor of 1512 and 936.
72
What is the greatest common factor of 87 and 61683?
87
What is the highest common divisor of 4347 and 3519?
207
What is the greatest common factor of 3849909 and 21?
21
What is the highest common factor of 435 and 1524?
3
Calculate the highest common factor of 31176 and 264.
24
Calculate the highest common factor of 379404 and 324.
324
What is the highest common divisor of 230 and 620540?
230
What is the highest common divisor of 21691 and 2?
1
What is the greatest common divisor of 444 and 298812?
444
Calculate the greatest common factor of 12663 and 105.
21
What is the highest common factor of 188 and 108?
4
Calculate the highest common factor of 23219 and 34454.
749
What is the greatest common divisor of 6534 and 918?
54
Calculate the highest common factor of 368 and 1440.
16
Calculate the greatest common factor of 1736 and 1891.
31
What is the highest common divisor of 1056 and 4144?
16
Calculate the highest common factor of 1824 and 648736.
608
Calculate the greatest common divisor of 326 and 51182.
326
Calculate the highest common factor of 83264 and 256.
64
What is the greatest common divisor of 295990 and 50?
10
Calculate the highest common divisor of 75425 and 175.
175
Calculate the highest common factor of 4023 and 12665.
149
Calculate the highest common divisor of 1554 and 53391.
111
What is the highest common divisor of 16 and 1244?
4
What is the highest common divisor of 5450 and 350?
50
Calculate the greatest common divisor of 130 and 163010.
10
What is the highest common factor of 753 and 27610?
251
What is the highest common divisor of 986 and 9164?
58
Calculate the greatest common divisor of 1375 and 11869.
11
Calculate the highest common factor of 42400 and 1200.
400
Calculate the greatest common divisor of 446490 and 363.
363
What is the greatest common factor of 8003 and 6731?
53
What is the greatest common divisor of 2940 and 210945?
735
What is the highest common factor of 4 and 388632?
4
What is the greatest common factor of 4 and 9784?
4
Calculate the highest common factor of 1144325 and 805.
35
What is the greatest common divisor of 78025 and 25?
25
What is the highest common divisor of 1648 and 8528?
16
Calculate the highest common factor of 143571 and 12.
3
What is the highest common divisor of 117 and 175149?
117
Calculate the greatest common factor of 946033 and 187.
187
Calculate the highest common divisor of 1919 and 54568.
19
Calculate the greatest common divisor of 3115399 and 599.
599
What is the greatest common divisor of 236300 and 175?
25
What is the greatest common divisor of 26367 and 374?
187
Calculate the highest common factor of 444 and 884892.
444
What is the greatest common divisor of 56 and 908488?
56
What is the greatest common factor of 94365 and 90?
45
Calculate the greatest common divisor of 14112 and 98392.
392
What is the highest common factor of 490705 and 103615?
1955
Calculate the greatest common factor of 18 and 4276.
2
What is the highest common divisor of 15350 and 272002?
614
Calculate the highest common divisor of 554875 and 1737.
193
Calculate the highest common divisor of 998468 and 452.
452
What is the highest common divisor of 432 and 422?
2
What is the greatest common divisor of 7077 and 1512?
21
Calculate the greatest common factor of 64 and 24.
8
Calculate the highest common divisor of 460 and 2820.
20
Calculate the highest common factor of 261 and 109272.
87
What is the greatest common factor of 515784 and 24?
24
Calculate the highest common factor of 11066 and 946.
22
Calculate the greatest common factor of 36216 and 72.
72
Calculate the greatest common divisor of 110 and 8810.
10
What is the greatest common divisor of 903169 and 12681?
1409
What is the highest common factor of 28 and 91?
7
What is the highest common factor of 3 and 177930?
3
Calculate the highest common divisor of 11 and 282227.
11
What is the greatest common factor of 469 and 3087?
7
Calculate the highest common divisor of 104 and 560.
8
What is the greatest common divisor of 5346 and 10926?
18
Calculate the highest common factor of 15678 and 702.
234
What is the greatest common divisor of 256 and 2656?
32
Calculate the greatest common factor of 4175 and 3650.
25
Calculate the highest common divisor of 3834 and 14904.
54
Calculate the highest common divisor of 11 and 6321975.
11
What is the greatest common factor of 12440 and 2840?
40
Calculate the highest common divisor of 25 and 78325.
25
What is the highest common divisor of 1 and 433?
1
Calculate the greatest common divisor of 1067 and 121.
11
Calculate the greatest common divisor of 16127910 and 10.
10
What is the highest common divisor of 223979 and 3479?
49
Calculate the greatest common factor of 32502 and 64.
2
Calculate the greatest common factor of 19872 and 115.
23
Calculate the highest common factor of 1972 and 9454.
58
What is the highest common factor of 35836 and 11904?
124
Calculate the highest common factor of 293 and 16.
1
Calculate the greatest common divisor of 1095600 and 1600.
400
Calculate the greatest common factor of 86272 and 7414.
674
Calculate the highest common factor of 163 and 137083.
163
What is the greatest common divisor of 781 and 1892?
11
What is the highest common divisor of 640 and 4520?
40
Calculate the highest common divisor of 3263741 and 39.
13
What is the highest common factor of 503767 and 451?
451
Calculate the highest common divisor of 182340 and 1980.
180
Calculate the highest common divisor of 18 and 56469.
3
Calculate the highest common divisor of 691539 and 295.
59
Calculate the greatest common factor of 1381179 and 3.
3
Calculate the highest common divisor of 6848 and 47294.
214
What is the greatest common factor of 652 and 76121?
163
Calculate the highest common divisor of 22407 and 231.
231
What is the highest common factor of 236972 and 28?
4
Calculate the greatest common divisor of 7 and 1244.
1
Calculate the highest common factor of 1934541 and 9.
9
Calculate the highest common divisor of 24284 and 4784.
52
Calculate the greatest common divisor of 29939 and 52.
13
Calculate the greatest common factor of 52425 and 60.
15
What is the greatest common factor of 478191 and 1155?
21
Calculate the highest common factor of 11098 and 558.
62
What is the highest common divisor of 197884 and 5677?
811
What is the greatest common factor of 396 and 3399363?
99
What is the greatest common divisor 